z) = 2243*z**3 + 2*z + 1. Let i be b(-1). Let x(a) = -2583*a - 31. Let t be x(2). Let m = i - t. Is m composite?
False
Let r(t) = 95*t**2 - 127*t - 581. Is r(-57) composite?
False
Let n(u) = -u**2 + 21*u - 82. Let h be n(16). Is (6 - -7520)*((-5)/h - 2) a composite number?
True
Is 0 + ((-845625)/(-44) - (5/(-4) - -1)) a prime number?
True
Let v = 478 + -472. Is ((-4604)/6)/(-3 + 14/v) a prime number?
True
Let a = 61 - 58. Suppose -4*o - 4 = -0, -7830 = -a*s + 3*o. Is s composite?
False
Suppose -5*z - 43033 = -0*z - 3*l, 4*l = -2*z - 17234. Let p = z + 13966. Is p composite?
True
Let y be 355290/5 + 1 + 2. Suppose 3*b + 3*m = y, 2*b + 2*m = 5*b - 71061. Is b a composite number?
False
Suppose -17 = -2*p - 11. Suppose 22926 = p*v + 3*v. Is v prime?
True
Suppose 0 = 2*d + 3*d - 2*o + 80664, -5*o + 32274 = -2*d. Let z = d - -31813. Is z a prime number?
False
Let v(y) = 163*y**2 - 6*y - 12. Let l be v(-4). Suppose 5*c + 3123 = -3*x, 301 = -3*c + 2*x - 1588. Let a = c + l. Is a composite?
False
Suppose -2*r - 4*a + 52742 = 0, -r - 4*a + 4740 = -21637. Suppose 529*j - 534*j + r = 0. Is j a prime number?
True
Let b = 13445 + -9007. Let a = 7887 - b. Is a composite?
False
Let m(j) be the second derivative of 2006*j**3/3 + 9*j**2/2 + 72*j. Is m(2) a composite number?
True
Let b(t) = 4*t**3 - 8*t**2 + 3*t + 22. Suppose 22*n = 18*n + 36. Let p be b(n). Is (13 + -11)/(2/p) a composite number?
True
Let x(y) = -y - 46. Let s be x(-32). Is (-1588320)/(-140) + 2/s a prime number?
False
Let z = 2464 - 4985. Let g = 4436 + z. Is g a composite number?
True
Let c(l) = 54*l - 13. Let b(p) = -p**2 - 18*p + 3. Let m be b(-18). Suppose 60 = 4*y + 7*v - m*v, 3*y + v - 35 = 0. Is c(y) prime?
False
Is -10 - ((-9)/15)/((-31)/(-37140945)) prime?
True
Let j be ((-23)/(-2))/((-21)/(-6) - 3). Let a(n) = 34*n**2 - 53*n - 46. Is a(j) a composite number?
True
Let c(q) = 3*q**2 - 83*q - 80. Let x be c(37). Suppose -2*m + 1454 + x = 0. Is m composite?
True
Let q be 44/(-77) + -39*3/(-21). Suppose 2*a - 3*v - 14471 = -0*a, 3*a - q*v - 21704 = 0. Is a a prime number?
True
Let h = 58 + -46. Let t(u) = -56*u - 33 + h*u - 20*u. Is t(-8) a composite number?
False
Let b(t) = t**3 + 6*t**2 + 15*t + 53. Let s be b(-5). Suppose 2*n = -3*q + 7094, s*n = n - 5*q + 7094. Is n a prime number?
True
Let j(n) = -459*n + 193. Is j(-16) prime?
True
Let c(v) = 889*v**3 - 2*v**2 + 9*v - 9. Is c(4) prime?
True
Let w(u) = 784*u**2 + 11*u + 91. Is w(-20) a composite number?
False
Suppose 3*u = 14*u - 11. Suppose -5*f = 2*o - 0*f - 119513, f + u = 0. Is o composite?
True
Let d be (-1060376)/12 + -1 + (-20)/(-12). Let i = d - -130678. Is i prime?
False
Let t be 8/2 + -4 + -4 + 3585. Suppose 5*o - t = 16699. Let c = 7445 - o. Is c a prime number?
True
Suppose 3*y + 21 - 27 = 4*t, 5*t = 2*y + 3. Suppose -x - o = -y*x + 23184, 3*x - 13915 = -4*o. Is x a prime number?
True
Suppose 14*t + 13152 = 22*t. Suppose 118*c + t = 122*c. Is c a composite number?
True
Suppose 13*h + 1 = -25. Let k(q) = -608*q**3 + 2*q + 1. Is k(h) composite?
False
Let l be 17268/8 - ((-15)/(-6) + -3). Let o = l - -5532. Is o a composite number?
False
Let u = 89 + -86. Suppose 4*z - 93 = u*a, -52 = -5*z + a + 56. Is 677*(-1 - 7/(z/(-6))) a composite number?
False
Let o = -8 + 11. Suppose 3*v + 6 = o*b - 0, 0 = -4*b - v + 8. Suppose b*m - 2972 = -4*u, -2*m + 2581 - 352 = 3*u. Is u a composite number?
False
Let b(p) be the third derivative of 7*p**5/30 - 7*p**4/8 - p**3/6 - 99*p**2. Is b(-16) a composite number?
False
Suppose 68 = 4*f + 30*f. Suppose -2*y + 11436 = 2*j, 5*j + 28640 = 7*y - f*y. Is y prime?
False
Suppose 1868 = 2*p - 1476. Let n = 4819 - p. Is n composite?
True
Let a(q) = -65*q - 59. Let c be a(-3). Suppose -2471 - c = -3*w. Is w prime?
False
Let n(t) = t - 1. Let k be n(1). Suppose k = 18*a - 16*a + 808. Is (3 + a/(-6))*3 a composite number?
False
Suppose y + 1774 = c, 0 = -3*c + 5*y - y + 5322. Let g = -995 + c. Is g prime?
False
Suppose -4*s = -14 - 22. Suppose -s*w + 27663 = -6*w. Is w a composite number?
False
Suppose 125*k + 8251471 - 19661101 - 19290245 = 0. Is k a prime number?
False
Is (1 + -2 + -38)*596118/(-1314) a prime number?
False
Let a = 7679 - 4259. Suppose 2*o = o + 3, -3*y + a = 3*o. Is y composite?
True
Let t(f) = 19 + 17*f**2 + 27*f - 77*f + 37*f. Is t(-15) a composite number?
True
Let n = 118506 - 26305. Is n prime?
False
Suppose 4 = -b + 9. Let z(p) = 7*p**3 + 4 + 4*p**3 + 7*p**2 - 7*p - 6. Is z(b) a composite number?
True
Let g(h) = h**3 - h**2. Let f(o) = 41*o**3 - 3*o**2 + 8*o - 11. Let q(v) = f(v) - 5*g(v). Is q(4) prime?
True
Let m(w) be the third derivative of -71*w**4/8 + w**3/6 + 35*w**2. Let d be m(-1). Suppose -3*n = -7777 + d. Is n prime?
True
Suppose 56418 = 4*c + 3*s - 87841, -3*c + s + 108178 = 0. Is c a prime number?
True
Let z be 36/(-2) - (-4 - -2). Let r(f) be the second derivative of 5*f**4/12 + 4*f**3/3 - 5*f**2/2 - 44*f. Is r(z) a composite number?
True
Suppose -294851 = -25*g - 1951. Let w = 11 + -7. Suppose 0 = -3*i - 5*r + g, 4*r + 0*r + w = 0. Is i a prime number?
True
Let v(p) = 2*p**3 - 21*p**2 + 6*p + 42. Let u be v(10). Suppose -17500 - 34872 = -u*h. Is h a prime number?
False
Let m = 3520 + -21795. Let j = m + 29038. Is j composite?
True
Suppose 4*f = -4*f. Suppose f = -3*y + 2*w + 6213, -3*y + 4*w + 4157 = -2062. Suppose -4*r + 3453 = 5*t, 5*t + r - y = 2*t. Is t a prime number?
False
Suppose -3*n = a - 63055 + 5454, 0 = -a + 2*n + 57621. Is a a prime number?
False
Suppose 3*g + 6 = 0, -3*m + 6*g - 2*g = -23. Let q(y) = 102*y**2 - 6*y. Let z be q(-5). Suppose r + r = -h + 507, -m*h + z = r. Is h a prime number?
False
Let n(s) be the first derivative of s**4 + 7*s**3/3 + 7*s**2 - 92*s - 92. Is n(13) prime?
True
Is 3105/(-126)*-2630 - (-2)/7 composite?
False
Suppose 5*a + 17 = 4*l, 2 = a + l - 0. Let q(x) = x**3 - 4*x**2 - 6*x + 15. Let o be q(6). Is (3298/o)/(a/(-3)) prime?
False
Let t be (-225)/(-21) - 12/(-42). Is (16828/16)/(2/(t - 3)) a prime number?
False
Let t be 1/(-4 - (-148)/36). Let u be ((-3918)/(-18))/((-1)/t). Is u*(-3)/27*3 a prime number?
True
Let h(f) = 20*f**3 + 18*f**2 + 64*f - 307. Is h(22) composite?
False
Let f = 57 - 54. Is 2269980/(-240)*(-4)/f a composite number?
False
Let w(n) = 2*n**3 - 28*n**2 + 143*n + 2965. Is w(78) a composite number?
False
Let x be 6/4*((7 - 0) + -5). Suppose 2093 = 5*u - 1707. Suppose -u = x*j - 2647. Is j a composite number?
True
Let h be (-12)/8*26/(-39). Is (10 - 3) + (2915 - h) prime?
False
Suppose 5*r - 44930 = -3*u, 11*u - 9*u + 35922 = 4*r. Is r a composite number?
True
Let z be (-1)/(-3)*(0 - (-1 + 1)). Suppose z = -8*f + 2*f + 8214. Suppose -3*d + f = -d + o, 4*d = o + 2741. Is d prime?
False
Suppose 75*o = 71*o - 36. Let w(n) = -409*n - 7. Let d(f) = -1226*f - 21. Let h(m) = 3*d(m) - 8*w(m). Is h(o) composite?
True
Suppose 418198 + 27278 = -6*p. Is p/(-12) + (4 - (-150)/(-36)) composite?
True
Let j(h) = h**3 - 2*h**2 - 940. Let c be j(0). Suppose -2*k = 3*v + 1167, -3*k - 5*v - 1815 = -64. Let u = k - c. Is u a composite number?
True
Suppose -2*y = -n - 812174, 296*n = -5*y + 293*n + 2030479. Is y a composite number?
True
Suppose 2*p + p = -2643. Suppose -1887 = 3*s + 5*m, -m - 1251 = 3*s - s. Let q = s - p. Is q a composite number?
False
Suppose 5*d = -g + 92829, -2*d - g = -5*d + 55691. Suppose 0 = -86*k + 91*k - d. Is k prime?
False
Let j be 3/(-6) - (-1)/(8/396). Suppose 50*g = j*g + 2. Suppose 0 = 5*o + g*f - 2941, 2*o - 1171 = f - 0*f. Is o prime?
True
Suppose -12 = -4*p, -3*p + 11 = -l + 2*l. Is ((-2)/l)/((-25)/14575) prime?
False
Let d = -95 - -65. Is (-3)/d*-2 + 11932/10 composite?
False
Let k be 0 - 1 - (-6 + 9/3). Suppose -4*i = k*c - 20648, 3*c = -0*c - 6. Is i composite?
True
Suppose 3*f - w = 56196, -6*w + 18718 = f - 11*w. Let l = 32840 - f. Is l composite?
False
Suppose 9202576 + 8515429 = 37*u. Is u prime?
False
Suppose -89*b + 9040224 = -39*b - 18*b. Is b a composite number?
True
Let s(h) = 14 - 132*h + 19*h + 173*h - 5180*h - 3. Is s(-1) a composite number?
True
Let y(r) be the third derivative of 11/6*r**3 + 0 - 125/8*r**4 - 31*r**2 + 0*r. Is y(-4) composite?
False
Let c(h) = h - 6. Let m be c(19). Let u = -1 + m. Suppose u*z - 17*z + 935 = 0. Is z a composite number?
True
Let q = -278 - -28